{"id":20,"date":"2023-11-09T10:52:54","date_gmt":"2023-11-09T10:52:54","guid":{"rendered":"https:\/\/new.ekowatt.cz\/?page_id=20"},"modified":"2026-02-24T11:39:31","modified_gmt":"2026-02-24T11:39:31","slug":"projekty","status":"publish","type":"page","link":"https:\/\/ekowatt.cz\/index.php\/projekty\/","title":{"rendered":"Projekty"},"content":{"rendered":"\t\t<div data-elementor-type=\"wp-page\" data-elementor-id=\"20\" class=\"elementor elementor-20\">\n\t\t\t\t<div class=\"elementor-element elementor-element-4eb542c6 e-flex e-con-boxed e-con e-parent\" data-id=\"4eb542c6\" data-element_type=\"container\" data-settings=\"{&quot;background_background&quot;:&quot;classic&quot;}\">\n\t\t\t\t\t<div class=\"e-con-inner\">\n\t\t\t\t<div class=\"elementor-element elementor-element-13825d06 elementor-widget elementor-widget-heading\" data-id=\"13825d06\" data-element_type=\"widget\" data-widget_type=\"heading.default\">\n\t\t\t\t<div class=\"elementor-widget-container\">\n\t\t\t\t\t<h2 class=\"elementor-heading-title elementor-size-default\">Energetick\u00fd management \u2013 cesta k&nbsp;\u00faspor\u00e1m energie.\nSemin\u00e1\u0159, kurzy a&nbsp;publikace<\/h2>\t\t\t\t<\/div>\n\t\t\t\t<\/div>\n\t\t\t\t<div class=\"elementor-element elementor-element-9a26094 elementor-widget elementor-widget-heading\" data-id=\"9a26094\" data-element_type=\"widget\" data-widget_type=\"heading.default\">\n\t\t\t\t<div class=\"elementor-widget-container\">\n\t\t\t\t\t<h2 class=\"elementor-heading-title elementor-size-default\">Financov\u00e1no z  Fond\u016f EHP a&nbsp;Norska 2014\u20132021 \u2013 program CZ-ENVIRONMENT<\/h2>\t\t\t\t<\/div>\n\t\t\t\t<\/div>\n\t\t\t\t\t<\/div>\n\t\t\t\t<\/div>\n\t\t<div class=\"elementor-element elementor-element-fdbab5a e-flex e-con-boxed e-con e-parent\" data-id=\"fdbab5a\" data-element_type=\"container\">\n\t\t\t\t\t<div class=\"e-con-inner\">\n\t\t<div class=\"elementor-element elementor-element-870d49c e-con-full e-flex e-con e-child\" data-id=\"870d49c\" data-element_type=\"container\" data-settings=\"{&quot;background_background&quot;:&quot;classic&quot;}\">\n\t\t\t\t<\/div>\n\t\t<div class=\"elementor-element elementor-element-dbc81b4 e-con-full e-flex e-con e-child\" data-id=\"dbc81b4\" data-element_type=\"container\">\n\t\t\t\t<div class=\"elementor-element elementor-element-7e2ba3c elementor-widget elementor-widget-heading\" data-id=\"7e2ba3c\" data-element_type=\"widget\" data-widget_type=\"heading.default\">\n\t\t\t\t<div class=\"elementor-widget-container\">\n\t\t\t\t\t<h2 class=\"elementor-heading-title elementor-size-default\">C\u00edlem projektu je motivovat \u0161koly a&nbsp;objekty soci\u00e1ln\u00edch slu\u017eeb k  zaveden\u00ed kvalitn\u00edho (nikoli jen form\u00e1ln\u00edho)  energetick\u00e9ho managementu. T\u00edm dos\u00e1hnout sn\u00ed\u017een\u00ed spot\u0159eb energi\u00ed (spot\u0159eba energie na vyt\u00e1p\u011bn\u00ed, oh\u0159ev tepl\u00e9 vody, osv\u011btlen\u00ed, provoz technick\u00fdch \u010d\u00e1st\u00ed \u2013 zejm\u00e9na kuchyn\u00ed) a&nbsp;tedy i&nbsp;emis\u00ed.<\/h2>\t\t\t\t<\/div>\n\t\t\t\t<\/div>\n\t\t\t\t<div class=\"elementor-element elementor-element-ddf7ae2 elementor-widget elementor-widget-text-editor\" data-id=\"ddf7ae2\" data-element_type=\"widget\" data-widget_type=\"text-editor.default\">\n\t\t\t\t<div class=\"elementor-widget-container\">\n\t\t\t\t\t\t\t\t\t<p>Pro\u00adjekt se zam\u011b\u0159u\u00adje \u00faspory energie&nbsp;&nbsp;<strong>v&nbsp;objek\u00adtech soci\u00e1l\u00adn\u00edch slu\u017eeb&nbsp; a&nbsp; zejm\u00e9\u00adna v&nbsp;poby\u00adtov\u00fdch za\u0159\u00edzen\u00edch soci\u00e1l\u00adn\u00edch slu\u017eeb<\/strong>, tedy DPS (D\u016fm s&nbsp;pe\u010do\u00adva\u00adtel\u00adsk\u00adou slu\u017ebou), Domovy senior\u016f, LDN (L\u00e9\u010deb\u00adny dlouhodob\u011b nemoc\u00adn\u00fdch), sta\u00adcion\u00e1\u0159e, hos\u00adpice, Domovy ml\u00e1de\u017ee, Diag\u00adno\u00ads\u00adtick\u00e9 \u00fastavy atd. Tato za\u0159\u00edzen\u00ed jsou, vzh\u00adle\u00addem k&nbsp; charak\u00adteru sv\u00e9ho provozu,&nbsp;&nbsp;<strong>zat\u00ed\u017een\u00e1 zna\u010dn\u00fd\u00admi provozn\u00ed\u00admi n\u00e1k\u00adla\u00addy na spot\u0159e\u00adbu energie (nep\u0159etr\u017eit\u00e9 vyt\u00e1p\u011bn\u00ed, vysok\u00e1 spot\u0159e\u00adba tepl\u00e9 vody) a&nbsp;z\u00e1rove\u0148 zde exis\u00adtu\u00adje v\u00fdz\u00adnam\u00adn\u00fd poten\u00adci\u00e1l ener\u00adget\u00adick\u00ad\u00fdch \u00faspor<\/strong>.<\/p>\t\t\t\t\t\t\t\t<\/div>\n\t\t\t\t<\/div>\n\t\t\t\t<\/div>\n\t\t\t\t\t<\/div>\n\t\t\t\t<\/div>\n\t\t<div class=\"elementor-element elementor-element-6d08d84 e-flex e-con-boxed e-con e-parent\" data-id=\"6d08d84\" data-element_type=\"container\">\n\t\t\t\t\t<div class=\"e-con-inner\">\n\t\t<div class=\"elementor-element elementor-element-76dea30 e-con-full e-flex e-con e-child\" data-id=\"76dea30\" data-element_type=\"container\">\n\t\t\t\t<div class=\"elementor-element elementor-element-8727916 elementor-widget elementor-widget-text-editor\" data-id=\"8727916\" data-element_type=\"widget\" data-widget_type=\"text-editor.default\">\n\t\t\t\t<div class=\"elementor-widget-container\">\n\t\t\t\t\t\t\t\t\t<p>EkoWATT se v&nbsp; min\u00adul\u00fdch letech zab\u00fd\u00adval anal\u00fd\u00adzou spot\u0159eb energi\u00ed v&nbsp; n\u011bko\u00adli\u00adka typech objek\u00adt\u016f soci\u00e1l\u00adn\u00edch slu\u017eeb a&nbsp;na z\u00e1k\u00adlad\u011b t\u011bch\u00adto zku\u0161enos\u00adt\u00ed zpra\u00adco\u00adv\u00adal z\u00e1sady&nbsp;&nbsp;<strong>jednoduch\u00e9ho ener\u00adget\u00adick\u00ad\u00e9ho man\u00adage\u00admen\u00adtu vhod\u00adn\u00e9ho pro tato za\u0159\u00edzen\u00ed&nbsp; a&nbsp;roz\u00adbor vhod\u00adn\u00fdch \u00fasporn\u00fdch opat\u0159en\u00ed pro ten\u00adto typ za\u0159\u00edzen\u00ed.<\/strong>&nbsp;\u00daspory dosa\u017een\u00e9 zave\u00adden\u00edm ener\u00adget\u00adick\u00ad\u00e9ho man\u00adage\u00admen\u00adtu mohou dosa\u00adho\u00advat cca 10% spot\u0159eb.<\/p><p><strong>Jed\u00adn\u00e1 se o&nbsp;n\u00edzkon\u00e1k\u00adladov\u00e1 opat\u0159en\u00ed, zam\u011b\u0159en\u00e1 na snad\u00adno dosa\u017eitel\u00adn\u00e9 \u00faspory pomoc\u00ed vhod\u00adn\u00e9 reg\u00adu\u00adlace a&nbsp;man\u00adage\u00admen\u00adtu provozu.<\/strong><\/p><p>Pro v\u011bt\u0161inu za\u0159\u00edzen\u00ed soci\u00e1l\u00adn\u00ed p\u00e9\u010de je prob\u00adlemati\u00adka \u00faspor energie prob\u00adl\u00e9mem, pro kter\u00fd nema\u00adj\u00ed pot\u0159eb\u00adn\u00e9 odborn\u00e9 znalosti a&nbsp;infor\u00adma\u00adce, v&nbsp; objek\u00adtech zpravid\u00adla neex\u00adis\u00adtu\u00adje oso\u00adba, kter\u00e1 by byla za ener\u00adget\u00adick\u00e9 hospo\u00adda\u0159en\u00ed objek\u00adtu zod\u00adpov\u011bd\u00adn\u00e1 a&nbsp;byla s&nbsp;n\u00edm obezn\u00e1\u00adme\u00adna. Neex\u00adis\u00adtu\u00adje \u017e\u00e1d\u00adn\u00fd sys\u00adt\u00e9m sle\u00addov\u00e1n\u00ed a&nbsp;vyhod\u00adno\u00adcov\u00ad\u00e1n\u00ed spot\u0159eb. Z\u00e1rove\u0148 je zde z\u00e1jem tuto oblast \u0159e\u0161it.<\/p>\t\t\t\t\t\t\t\t<\/div>\n\t\t\t\t<\/div>\n\t\t\t\t<\/div>\n\t\t<div class=\"elementor-element elementor-element-fb6dc5c e-con-full elementor-hidden-tablet e-flex e-con e-child\" data-id=\"fb6dc5c\" data-element_type=\"container\">\n\t\t\t\t<div class=\"elementor-element elementor-element-060d1df elementor-widget elementor-widget-image\" data-id=\"060d1df\" data-element_type=\"widget\" data-widget_type=\"image.default\">\n\t\t\t\t<div class=\"elementor-widget-container\">\n\t\t\t\t\t\t\t\t\t\t\t\t\t\t\t<img fetchpriority=\"high\" decoding=\"async\" width=\"768\" height=\"1024\" src=\"https:\/\/ekowatt.cz\/wp-content\/uploads\/2023\/12\/zachary-keimig-nxJgmZfLcJI-unsplash-768x1024.jpg\" class=\"attachment-large size-large wp-image-1444\" alt srcset=\"https:\/\/ekowatt.cz\/wp-content\/uploads\/2023\/12\/zachary-keimig-nxJgmZfLcJI-unsplash-768x1024.jpg 768w, https:\/\/ekowatt.cz\/wp-content\/uploads\/2023\/12\/zachary-keimig-nxJgmZfLcJI-unsplash-225x300.jpg 225w, https:\/\/ekowatt.cz\/wp-content\/uploads\/2023\/12\/zachary-keimig-nxJgmZfLcJI-unsplash-1152x1536.jpg 1152w, https:\/\/ekowatt.cz\/wp-content\/uploads\/2023\/12\/zachary-keimig-nxJgmZfLcJI-unsplash-1536x2048.jpg 1536w, https:\/\/ekowatt.cz\/wp-content\/uploads\/2023\/12\/zachary-keimig-nxJgmZfLcJI-unsplash.jpg 1920w\" sizes=\"(max-width: 768px) 100vw, 768px\">\t\t\t\t\t\t\t\t\t\t\t\t\t\t\t<\/div>\n\t\t\t\t<\/div>\n\t\t\t\t<\/div>\n\t\t\t\t\t<\/div>\n\t\t\t\t<\/div>\n\t\t<div class=\"elementor-element elementor-element-1526cb4 e-flex e-con-boxed e-con e-parent\" data-id=\"1526cb4\" data-element_type=\"container\">\n\t\t\t\t\t<div class=\"e-con-inner\">\n\t\t<div class=\"elementor-element elementor-element-c831f9d e-con-full e-flex e-con e-child\" data-id=\"c831f9d\" data-element_type=\"container\" data-settings=\"{&quot;background_background&quot;:&quot;classic&quot;}\">\n\t\t\t\t<div class=\"elementor-element elementor-element-654f1d7 elementor-widget elementor-widget-heading\" data-id=\"654f1d7\" data-element_type=\"widget\" data-widget_type=\"heading.default\">\n\t\t\t\t<div class=\"elementor-widget-container\">\n\t\t\t\t\t<h2 class=\"elementor-heading-title elementor-size-default\">Materi\u00e1ly ke sta\u017een\u00ed<\/h2>\t\t\t\t<\/div>\n\t\t\t\t<\/div>\n\t\t\t\t<div class=\"elementor-element elementor-element-c2d37ce elementor-widget elementor-widget-text-editor\" data-id=\"c2d37ce\" data-element_type=\"widget\" data-widget_type=\"text-editor.default\">\n\t\t\t\t<div class=\"elementor-widget-container\">\n\t\t\t\t\t\t\t\t\t<p>N\u00ed\u017ee najdete ke sta\u017een\u00ed v\u00fds\u00adtupy projektu:<\/p><ul><li><strong>Pub\u00adlikace:&nbsp;<a href=\"https:\/\/old.ekowatt.cz\/upload\/23c4597f7a8cc4ec41d3114e369b698a\/Energetick%C3%BD%20management%20ve%20%C5%A1kolstv%C3%AD%20a%20soci%C3%A1ln%C3%ADch%20slu%C5%BEb%C3%A1ch.pdf\">Ener\u00adget\u00adick\u00fd man\u00adage\u00adment ve \u0161kol\u00adstv\u00ed a&nbsp;soci\u00e1l\u00adn\u00edch slu\u017eb\u00e1ch<\/a><\/strong><\/li><li><strong>Prezen\u00adtace ze sem\u00adi\u00adn\u00e1\u0159e Ener\u00adget\u00adick\u00fd man\u00adage\u00adment ve \u0161kol\u00adstv\u00ed a&nbsp;soci\u00e1l\u00adn\u00edch slu\u017eb\u00e1ch:&nbsp;<a href=\"https:\/\/old.ekowatt.cz\/upload\/456b6f574154542d62616e6e6572792d\/Energetick%C3%BD%20management%201%20%C4%8D%C3%A1st.pdf\">\u010d\u00e1st I<\/a>. a&nbsp;<a href=\"https:\/\/old.ekowatt.cz\/upload\/456b6f574154542d62616e6e6572792d\/Energetick%C3%BD%20management%202%20%C4%8D%C3%A1st_FVE_TC.pdf\">\u010d\u00e1st II<\/a>.<\/strong><\/li><li><strong>Video z\u00e1z\u00adnam ze sem\u00adi\u00adn\u00e1\u0159e&nbsp;<a href=\"https:\/\/ekowatt.cz\/wp-content\/uploads\/2023\/05\/video_seminar_Energeticky_management.mp4\">ke sta\u017een\u00ed zde<\/a><\/strong><\/li><\/ul>\t\t\t\t\t\t\t\t<\/div>\n\t\t\t\t<\/div>\n\t\t\t\t<\/div>\n\t\t<div class=\"elementor-element elementor-element-33f1b3c e-con-full e-flex e-con e-child\" data-id=\"33f1b3c\" data-element_type=\"container\">\n\t\t\t\t<div class=\"elementor-element elementor-element-d116878 elementor-widget elementor-widget-heading\" data-id=\"d116878\" data-element_type=\"widget\" data-widget_type=\"heading.default\">\n\t\t\t\t<div class=\"elementor-widget-container\">\n\t\t\t\t\t<h2 class=\"elementor-heading-title elementor-size-default\">Aktivity projektu<\/h2>\t\t\t\t<\/div>\n\t\t\t\t<\/div>\n\t\t\t\t<div class=\"elementor-element elementor-element-c3ace14 elementor-widget elementor-widget-text-editor\" data-id=\"c3ace14\" data-element_type=\"widget\" data-widget_type=\"text-editor.default\">\n\t\t\t\t<div class=\"elementor-widget-container\">\n\t\t\t\t\t\t\t\t\t<ul><li><a href=\"https:\/\/old.ekowatt.cz\/cz\/vyzkumne-a-vzdelavaci-projekty\/energeticky-management-cesta-k-usporam-energie.seminar-kurzy-a-publikace\/seminar-energeticky-management-cesta-k-usporam-energie\">2 jednoden\u00adn\u00ed kurzy v&nbsp;rozsahu 4&nbsp;hodin, ter\u00adm\u00edn sem\u00adi\u00adn\u00e1\u0159\u016f: duben&nbsp;2023<\/a><\/li><li>Sem\u00adi\u00adn\u00e1\u0159 pro provo\u00adzo\u00advatele objek\u00adt\u016f soci\u00e1l\u00adn\u00edch slu\u017eeb (p\u0159ede\u00adv\u0161\u00edm domovy pro senio\u00adry, \u00fastavy s&nbsp;trval\u00fdm pobytem klien\u00adt\u016f) a&nbsp;\u0161koly (z\u00e1k\u00adlad\u00adn\u00ed a&nbsp;st\u0159edn\u00ed).<\/li><li>Redak\u010dn\u011b upraven\u00e9 video prezen\u00adtace ze semin\u00e1\u0159e<\/li><li>Ti\u0161t\u011bn\u00e1 a&nbsp;inter\u00adne\u00adtov\u00e1 pub\u00adlikace (e\u2011book) Ener\u00adget\u00adick\u00fd man\u00adage\u00adment pro ener\u00adget\u00adick\u00e9 mana\u017eery<\/li><\/ul>\t\t\t\t\t\t\t\t<\/div>\n\t\t\t\t<\/div>\n\t\t\t\t<\/div>\n\t\t\t\t\t<\/div>\n\t\t\t\t<\/div>\n\t\t<div class=\"elementor-element elementor-element-0163aca e-flex e-con-boxed e-con e-parent\" data-id=\"0163aca\" data-element_type=\"container\">\n\t\t\t\t\t<div class=\"e-con-inner\">\n\t\t\t\t<div class=\"elementor-element elementor-element-933a85b elementor-widget elementor-widget-video\" data-id=\"933a85b\" data-element_type=\"widget\" data-settings=\"{&quot;video_type&quot;:&quot;hosted&quot;,&quot;controls&quot;:&quot;yes&quot;}\" data-widget_type=\"video.default\">\n\t\t\t\t<div class=\"elementor-widget-container\">\n\t\t\t\t\t\t\t<div class=\"e-hosted-video elementor-wrapper elementor-open-inline\">\n\t\t\t\t\t<video class=\"elementor-video\" src=\"https:\/\/ekowatt.cz\/wp-content\/uploads\/2023\/12\/video_seminar_Energeticky_management.mp4\" controls preload=\"metadata\" controlslist=\"nodownload\" poster=\"https:\/\/ekowatt.cz\/wp-content\/uploads\/2023\/12\/image-11-1110x566-1.png\"><\/video>\n\t\t\t\t<\/div>\n\t\t\t\t\t\t<\/div>\n\t\t\t\t<\/div>\n\t\t\t\t\t<\/div>\n\t\t\t\t<\/div>\n\t\t<div class=\"elementor-element elementor-element-3e8745e4 e-flex e-con-boxed e-con e-parent\" data-id=\"3e8745e4\" data-element_type=\"container\" data-settings=\"{&quot;background_background&quot;:&quot;classic&quot;}\">\n\t\t\t\t\t<div class=\"e-con-inner\">\n\t\t\t\t<div class=\"elementor-element elementor-element-56ca4813 elementor-widget elementor-widget-heading\" data-id=\"56ca4813\" data-element_type=\"widget\" data-widget_type=\"heading.default\">\n\t\t\t\t<div class=\"elementor-widget-container\">\n\t\t\t\t\t<h2 class=\"elementor-heading-title elementor-size-default\">Zaj\u00edm\u00e1 v\u00e1s, co d\u011bl\u00e1me?&nbsp;<\/h2>\t\t\t\t<\/div>\n\t\t\t\t<\/div>\n\t\t\t\t<div class=\"elementor-element elementor-element-7f64140a elementor-align-center elementor-widget elementor-widget-button\" data-id=\"7f64140a\" data-element_type=\"widget\" data-widget_type=\"button.default\">\n\t\t\t\t<div class=\"elementor-widget-container\">\n\t\t\t\t\t\t\t\t\t<div class=\"elementor-button-wrapper\">\n\t\t\t\t\t<a class=\"elementor-button elementor-button-link elementor-size-sm\" href=\"https:\/\/ekowatt.cz\/index.php\/sluzby\/\">\n\t\t\t\t\t\t<span class=\"elementor-button-content-wrapper\">\n\t\t\t\t\t\t\t\t\t<span class=\"elementor-button-text\">Na\u0161e slu\u017e\u00adby<\/span>\n\t\t\t\t\t<\/span>\n\t\t\t\t\t<\/a>\n\t\t\t\t<\/div>\n\t\t\t\t\t\t\t\t<\/div>\n\t\t\t\t<\/div>\n\t\t\t\t\t<\/div>\n\t\t\t\t<\/div>\n\t\t\t\t<\/div>\n\t\t","protected":false},"excerpt":{"rendered":"<p>Ener\u00adget\u00adick\u00fd man\u00adage\u00adment \u2013 ces\u00adta k&nbsp;\u00faspor\u00e1m energie. Sem\u00adi\u00adn\u00e1\u0159, kurzy a&nbsp;pub\u00adlikace Finan\u00adcov\u00ad\u00e1no z&nbsp;Fond\u016f EHP a&nbsp;Nors\u00adka 2014\u20132021 \u2013 pro\u00adgram CZ-ENVIRONMENT C\u00edlem pro\u00adjek\u00adtu je motivo\u00advat \u0161koly a&nbsp;objek\u00adty soci\u00e1l\u00adn\u00edch slu\u017eeb k&nbsp;zave\u00adden\u00ed kval\u00adit\u00adn\u00edho (nikoli jen for\u00adm\u00e1l\u00adn\u00edho) ener\u00adget\u00adick\u00ad\u00e9ho man\u00adage\u00admen\u00adtu. T\u00edm dos\u00e1h\u00adnout sn\u00ed\u017een\u00ed spot\u0159eb energi\u00ed (spot\u0159e\u00adba energie na vyt\u00e1p\u011bn\u00ed, oh\u0159ev tepl\u00e9 vody, osv\u011btlen\u00ed, provoz tech\u00adnick\u00ad\u00fdch \u010d\u00e1st\u00ed \u2013 zejm\u00e9\u00adna kuchyn\u00ed) a&nbsp;tedy i&nbsp;emis\u00ed.&nbsp;[\u2026]<\/p>\n","protected":false},"author":1,"featured_media":0,"parent":0,"menu_order":0,"comment_status":"closed","ping_status":"closed","template":"","meta":{"wp_typography_post_enhancements_disabled":false,"site-sidebar-layout":"no-sidebar","site-content-layout":"","ast-site-content-layout":"full-width-container","site-content-style":"default","site-sidebar-style":"default","ast-global-header-display":"","ast-banner-title-visibility":"","ast-main-header-display":"","ast-hfb-above-header-display":"","ast-hfb-below-header-display":"","ast-hfb-mobile-header-display":"","site-post-title":"disabled","ast-breadcrumbs-content":"","ast-featured-img":"disabled","footer-sml-layout":"","ast-disable-related-posts":"","theme-transparent-header-meta":"","adv-header-id-meta":"","stick-header-meta":"","header-above-stick-meta":"","header-main-stick-meta":"","header-below-stick-meta":"","astra-migrate-meta-layouts":"default","ast-page-background-enabled":"default","ast-page-background-meta":{"desktop":{"background-color":"var(--ast-global-color-4)","background-image":"","background-repeat":"repeat","background-position":"center center","background-size":"auto","background-attachment":"scroll","background-type":"","background-media":"","overlay-type":"","overlay-color":"","overlay-opacity":"","overlay-gradient":""},"tablet":{"background-color":"","background-image":"","background-repeat":"repeat","background-position":"center center","background-size":"auto","background-attachment":"scroll","background-type":"","background-media":"","overlay-type":"","overlay-color":"","overlay-opacity":"","overlay-gradient":""},"mobile":{"background-color":"","background-image":"","background-repeat":"repeat","background-position":"center center","background-size":"auto","background-attachment":"scroll","background-type":"","background-media":"","overlay-type":"","overlay-color":"","overlay-opacity":"","overlay-gradient":""}},"ast-content-background-meta":{"desktop":{"background-color":"var(--ast-global-color-5)","background-image":"","background-repeat":"repeat","background-position":"center center","background-size":"auto","background-attachment":"scroll","background-type":"","background-media":"","overlay-type":"","overlay-color":"","overlay-opacity":"","overlay-gradient":""},"tablet":{"background-color":"var(--ast-global-color-5)","background-image":"","background-repeat":"repeat","background-position":"center center","background-size":"auto","background-attachment":"scroll","background-type":"","background-media":"","overlay-type":"","overlay-color":"","overlay-opacity":"","overlay-gradient":""},"mobile":{"background-color":"var(--ast-global-color-5)","background-image":"","background-repeat":"repeat","background-position":"center center","background-size":"auto","background-attachment":"scroll","background-type":"","background-media":"","overlay-type":"","overlay-color":"","overlay-opacity":"","overlay-gradient":""}},"footnotes":""},"class_list":["post-20","page","type-page","status-publish","hentry"],"_links":{"self":[{"href":"https:\/\/ekowatt.cz\/index.php\/wp-json\/wp\/v2\/pages\/20","targetHints":{"allow":["GET"]}}],"collection":[{"href":"https:\/\/ekowatt.cz\/index.php\/wp-json\/wp\/v2\/pages"}],"about":[{"href":"https:\/\/ekowatt.cz\/index.php\/wp-json\/wp\/v2\/types\/page"}],"author":[{"embeddable":true,"href":"https:\/\/ekowatt.cz\/index.php\/wp-json\/wp\/v2\/users\/1"}],"replies":[{"embeddable":true,"href":"https:\/\/ekowatt.cz\/index.php\/wp-json\/wp\/v2\/comments?post=20"}],"version-history":[{"count":82,"href":"https:\/\/ekowatt.cz\/index.php\/wp-json\/wp\/v2\/pages\/20\/revisions"}],"predecessor-version":[{"id":2764,"href":"https:\/\/ekowatt.cz\/index.php\/wp-json\/wp\/v2\/pages\/20\/revisions\/2764"}],"wp:attachment":[{"href":"https:\/\/ekowatt.cz\/index.php\/wp-json\/wp\/v2\/media?parent=20"}],"curies":[{"name":"wp","href":"https:\/\/api.w.org\/{rel}","templated":true}]}}