{"id":626,"date":"2023-12-12T10:20:47","date_gmt":"2023-12-12T10:20:47","guid":{"rendered":"https:\/\/new.ekowatt.cz\/?page_id=626"},"modified":"2026-02-24T11:40:55","modified_gmt":"2026-02-24T11:40:55","slug":"prukazy-energeticke-narocnosti-budov-penb","status":"publish","type":"page","link":"https:\/\/ekowatt.cz\/index.php\/prukazy-energeticke-narocnosti-budov-penb\/","title":{"rendered":"Pr\u016fkazy energetick\u00e9 n\u00e1ro\u010dnosti budov (PENB)"},"content":{"rendered":"\t\t<div data-elementor-type=\"wp-page\" data-elementor-id=\"626\" class=\"elementor elementor-626\">\n\t\t\t\t<div class=\"elementor-element elementor-element-15d1a63e e-flex e-con-boxed e-con e-parent\" data-id=\"15d1a63e\" data-element_type=\"container\" data-settings=\"{&quot;background_background&quot;:&quot;classic&quot;}\">\n\t\t\t\t\t<div class=\"e-con-inner\">\n\t\t<div class=\"elementor-element elementor-element-1b9d56c8 e-con-full e-flex e-con e-child\" data-id=\"1b9d56c8\" data-element_type=\"container\" data-settings=\"{&quot;background_background&quot;:&quot;classic&quot;}\">\n\t\t\t\t<div class=\"elementor-element elementor-element-5bb0d266 elementor-widget elementor-widget-image\" data-id=\"5bb0d266\" data-element_type=\"widget\" data-widget_type=\"image.default\">\n\t\t\t\t<div class=\"elementor-widget-container\">\n\t\t\t\t\t\t\t\t\t\t\t\t\t\t\t<img loading=\"lazy\" decoding=\"async\" width=\"1460\" height=\"1080\" src=\"https:\/\/ekowatt.cz\/wp-content\/uploads\/2023\/12\/Tancici-dum.jpg\" class=\"attachment-full size-full wp-image-756\" alt srcset=\"https:\/\/ekowatt.cz\/wp-content\/uploads\/2023\/12\/Tancici-dum.jpg 1460w, https:\/\/ekowatt.cz\/wp-content\/uploads\/2023\/12\/Tancici-dum-300x222.jpg 300w, https:\/\/ekowatt.cz\/wp-content\/uploads\/2023\/12\/Tancici-dum-1024x757.jpg 1024w, https:\/\/ekowatt.cz\/wp-content\/uploads\/2023\/12\/Tancici-dum-768x568.jpg 768w\" sizes=\"(max-width: 1460px) 100vw, 1460px\">\t\t\t\t\t\t\t\t\t\t\t\t\t\t\t<\/div>\n\t\t\t\t<\/div>\n\t\t\t\t<\/div>\n\t\t<div class=\"elementor-element elementor-element-35d8c935 e-con-full e-flex e-con e-child\" data-id=\"35d8c935\" data-element_type=\"container\">\n\t\t\t\t<div class=\"elementor-element elementor-element-141e8ca8 elementor-widget elementor-widget-heading\" data-id=\"141e8ca8\" data-element_type=\"widget\" data-widget_type=\"heading.default\">\n\t\t\t\t<div class=\"elementor-widget-container\">\n\t\t\t\t\t<h2 class=\"elementor-heading-title elementor-size-default\">Pr\u016fkazy energetick\u00e9 n\u00e1ro\u010dnosti budov (PENB)<\/h2>\t\t\t\t<\/div>\n\t\t\t\t<\/div>\n\t\t\t\t<div class=\"elementor-element elementor-element-fee9e9b elementor-widget elementor-widget-text-editor\" data-id=\"fee9e9b\" data-element_type=\"widget\" data-widget_type=\"text-editor.default\">\n\t\t\t\t<div class=\"elementor-widget-container\">\n\t\t\t\t\t\t\t\t\t<p>Jsou n\u00e1stro\u00adje ur\u010den\u00e9 k&nbsp;ochran\u011b spot\u0159ebitele a&nbsp;slou\u017e\u00ed k&nbsp;jednoduch\u00e9\u00admu a&nbsp;srozu\u00admitel\u00adn\u00e9\u00admu zhod\u00adno\u00adcen\u00ed ener\u00adget\u00adick\u00e9 n\u00e1ro\u010dnos\u00adti budovy. Od roku 2009 jsou povin\u00adn\u00e9 pro v\u0161ech\u00adny novostav\u00adby a&nbsp;pro rekon\u00adstrukce v\u011bt\u0161\u00edch budov. Od dub\u00adna 2013 jsou povin\u00adnou p\u0159\u00edlo\u00adhou smlou\u00advy p\u0159i prode\u00adji a&nbsp;pron\u00e1j\u00admu budovy. V\u00edce na&nbsp;<a href=\"http:\/\/www.prukazybudov.cz\/\">www.prukazybudov.cz<\/a>.<\/p>\t\t\t\t\t\t\t\t<\/div>\n\t\t\t\t<\/div>\n\t\t\t\t<div class=\"elementor-element elementor-element-2e7723c elementor-widget elementor-widget-button\" data-id=\"2e7723c\" data-element_type=\"widget\" data-widget_type=\"button.default\">\n\t\t\t\t<div class=\"elementor-widget-container\">\n\t\t\t\t\t\t\t\t\t<div class=\"elementor-button-wrapper\">\n\t\t\t\t\t<a class=\"elementor-button elementor-button-link elementor-size-sm\" href=\"https:\/\/ekowatt.cz\/index.php\/sluzby\/\">\n\t\t\t\t\t\t<span class=\"elementor-button-content-wrapper\">\n\t\t\t\t\t\t\t\t\t<span class=\"elementor-button-text\">V\u0161ech\u00adny slu\u017eby<\/span>\n\t\t\t\t\t<\/span>\n\t\t\t\t\t<\/a>\n\t\t\t\t<\/div>\n\t\t\t\t\t\t\t\t<\/div>\n\t\t\t\t<\/div>\n\t\t\t\t<\/div>\n\t\t\t\t\t<\/div>\n\t\t\t\t<\/div>\n\t\t<div class=\"elementor-element elementor-element-3816c8ec e-flex e-con-boxed e-con e-parent\" data-id=\"3816c8ec\" data-element_type=\"container\" data-settings=\"{&quot;background_background&quot;:&quot;classic&quot;}\">\n\t\t\t\t\t<div class=\"e-con-inner\">\n\t\t\t\t<div class=\"elementor-element elementor-element-6f1071e3 elementor-widget elementor-widget-heading\" data-id=\"6f1071e3\" data-element_type=\"widget\" data-widget_type=\"heading.default\">\n\t\t\t\t<div class=\"elementor-widget-container\">\n\t\t\t\t\t<h2 class=\"elementor-heading-title elementor-size-default\">Na\u0161e pr\u00e1ce<\/h2>\t\t\t\t<\/div>\n\t\t\t\t<\/div>\n\t\t\t\t<div class=\"elementor-element elementor-element-27662196 elementor-widget elementor-widget-ucaddon_post_blocks\" data-id=\"27662196\" data-element_type=\"widget\" data-widget_type=\"ucaddon_post_blocks.default\">\n\t\t\t\t<div class=\"elementor-widget-container\">\n\t\t\t\t\t\n<!-- start Post Blocks -->\n\t\t<link id=\"font-awesome-css\" href=\"https:\/\/ekowatt.cz\/wp-content\/plugins\/unlimited-elements-for-elementor\/assets_libraries\/font-awesome6\/fontawesome-all.min.css\" type=\"text\/css\" rel=\"stylesheet\">\n\t\t<link id=\"font-awesome-4-shim-css\" href=\"https:\/\/ekowatt.cz\/wp-content\/plugins\/unlimited-elements-for-elementor\/assets_libraries\/font-awesome6\/fontawesome-v4-shims.min.css\" type=\"text\/css\" rel=\"stylesheet\">\n\n<style>\/* widget: Post Blocks *\/\n\n\n\n#uc_post_blocks_elementor_27662196 {\n    display:grid;\n}\n#uc_post_blocks_elementor_27662196 .ue_post_blocks_box\n{\n  overflow:hidden;\n}\n\n#uc_post_blocks_elementor_27662196 .ue_post_blocks_image\n{\n  overflow:hidden;\n}\n#uc_post_blocks_elementor_27662196 .ue_post_blocks_image img\n{\n  width:100%;\n  display:block;\n}\n#uc_post_blocks_elementor_27662196 .ue_post_blocks_link a\n{\n  display:inline-block;\n  text-decoration:none;\n  text-align:center;\n}\n\n\n#uc_post_blocks_elementor_27662196 .ue-grid-item-meta-data\n{\n  display:inlin-flex;\n  flex-wrap: wrap;\n}\n\n.ue-grid-item-meta-data\n{\n  font-size:12px;\n}\n\n#uc_post_blocks_elementor_27662196 .ue-grid-item-meta-data-icon\n{\n  line-height:1em;\n}\n\n#uc_post_blocks_elementor_27662196 .ue-grid-item-meta-data-icon svg\n{\n  width:1em;\n  height:1em;\n}\n\n#uc_post_blocks_elementor_27662196 .ue_post_blocks_box{\n  display: flex;\n  flex-direction: column;\n}\n#uc_post_blocks_elementor_27662196 .ue_post_blocks_content{\n display: flex; flex-grow: 1;\n flex-direction: column;\n}\n#uc_post_blocks_elementor_27662196 .ue_post_blocks_link{ margin-top: auto;\n}\n\n.ue-grid-item-category a\n{\n  display:inline-block;\n  font-size:10px;\n  text-transform:uppercase;\n}\n\n\n\n\n<\/style>\n\n<div id=\"uc_post_blocks_elementor_27662196\" class=\"ue_post_blocks uc-items-wrapper \">\n    <div class=\"ue_post_blocks_box\">\n    <div class=\"ue_post_blocks_image\">\n    <a href=\"https:\/\/ekowatt.cz\/index.php\/2023\/12\/19\/tancici-dum\/\" style=\"display:block;\"><img loading=\"lazy\" decoding=\"async\" src=\"https:\/\/ekowatt.cz\/wp-content\/uploads\/2023\/12\/blog-13.jpg\" alt=\"blog 13\" width=\"420\" height=\"280\"><\/a>\n  <\/div>\n    <div class=\"ue_post_blocks_content\">\n      \n     \n         \n    <div class=\"ue_post_blocks_title\"><a href=\"https:\/\/ekowatt.cz\/index.php\/2023\/12\/19\/tancici-dum\/\">Tan\u010d\u00edc\u00ed d\u016fm<\/a><\/div>    \n        \n    \n    <div class=\"ue_post_blocks_text\">Tan\u010d\u00edc\u00ed d\u016fm neboli Gin\u00adger and Fred (p\u016fvod\u00adn\u00edm n\u00e1zvem dle investora\u2026<\/div>        \t<div class=\"ue_post_blocks_link\">\n          <a class=\" \" href=\"https:\/\/ekowatt.cz\/index.php\/2023\/12\/19\/tancici-dum\/\">\u010c\u00edst v\u00edce<\/a>\n    \t<\/div>\n      <\/div>\n<\/div>\n<div class=\"ue_post_blocks_box\">\n    <div class=\"ue_post_blocks_image\">\n    <a href=\"https:\/\/ekowatt.cz\/index.php\/2023\/12\/19\/zoologicka-zahrada-hlavniho-mesta-prahy\/\" style=\"display:block;\"><img loading=\"lazy\" decoding=\"async\" src=\"https:\/\/ekowatt.cz\/wp-content\/uploads\/2023\/12\/blog-15.jpg\" alt=\"blog 15\" width=\"420\" height=\"280\"><\/a>\n  <\/div>\n    <div class=\"ue_post_blocks_content\">\n      \n     \n         \n    <div class=\"ue_post_blocks_title\"><a href=\"https:\/\/ekowatt.cz\/index.php\/2023\/12\/19\/zoologicka-zahrada-hlavniho-mesta-prahy\/\">Zoo\u00adlog\u00adick\u00e1 zahra\u00adda hlavn\u00edho m\u011bs\u00adta&nbsp;Prahy<\/a><\/div>    \n        \n    \n    <div class=\"ue_post_blocks_text\">Zoo\u00adlog\u00adick\u00e1 zahra\u00adda hlavn\u00edho m\u011bs\u00adta&nbsp;Prahy\n\n\n\n\nUm\u00edme zpracovat\u2026<\/div>        \t<div class=\"ue_post_blocks_link\">\n          <a class=\" \" href=\"https:\/\/ekowatt.cz\/index.php\/2023\/12\/19\/zoologicka-zahrada-hlavniho-mesta-prahy\/\">\u010c\u00edst v\u00edce<\/a>\n    \t<\/div>\n      <\/div>\n<\/div>\n<div class=\"ue_post_blocks_box\">\n    <div class=\"ue_post_blocks_image\">\n    <a href=\"https:\/\/ekowatt.cz\/index.php\/2023\/12\/19\/strakova-akademie-urad-vlady-cr\/\" style=\"display:block;\"><img loading=\"lazy\" decoding=\"async\" src=\"https:\/\/ekowatt.cz\/wp-content\/uploads\/2023\/12\/blog-12.jpg\" alt=\"blog 12\" width=\"420\" height=\"280\"><\/a>\n  <\/div>\n    <div class=\"ue_post_blocks_content\">\n      \n     \n         \n    <div class=\"ue_post_blocks_title\"><a href=\"https:\/\/ekowatt.cz\/index.php\/2023\/12\/19\/strakova-akademie-urad-vlady-cr\/\">Strako\u00adva akademie \u2013 \u00da\u0159ad vl\u00e1dy&nbsp;\u010cR<\/a><\/div>    \n        \n    \n    <div class=\"ue_post_blocks_text\">Strako\u00adva akademie \u2013 \u00da\u0159ad vl\u00e1dy&nbsp;\u010cR\n\n\n\n\nI&nbsp;u&nbsp;historick\u00fdch\u2026<\/div>        \t<div class=\"ue_post_blocks_link\">\n          <a class=\" \" href=\"https:\/\/ekowatt.cz\/index.php\/2023\/12\/19\/strakova-akademie-urad-vlady-cr\/\">\u010c\u00edst v\u00edce<\/a>\n    \t<\/div>\n      <\/div>\n<\/div>\n<div class=\"ue_post_blocks_box\">\n    <div class=\"ue_post_blocks_image\">\n    <a href=\"https:\/\/ekowatt.cz\/index.php\/2023\/12\/19\/dum-stromu\/\" style=\"display:block;\"><img loading=\"lazy\" decoding=\"async\" src=\"https:\/\/ekowatt.cz\/wp-content\/uploads\/2023\/12\/blog-11.jpg\" alt=\"blog 11\" width=\"420\" height=\"280\"><\/a>\n  <\/div>\n    <div class=\"ue_post_blocks_content\">\n      \n     \n         \n    <div class=\"ue_post_blocks_title\"><a href=\"https:\/\/ekowatt.cz\/index.php\/2023\/12\/19\/dum-stromu\/\">D\u016fm strom\u016f<\/a><\/div>    \n        \n    \n    <div class=\"ue_post_blocks_text\">D\u016fm strom\u016f\n\n\n\n\nInfor\u00adma\u010dn\u00ed a&nbsp;vzd\u011bl\u00e1\u00advac\u00ed cen\u00adtrum EVVO v&nbsp;are\u00e1lu\u2026<\/div>        \t<div class=\"ue_post_blocks_link\">\n          <a class=\" \" href=\"https:\/\/ekowatt.cz\/index.php\/2023\/12\/19\/dum-stromu\/\">\u010c\u00edst v\u00edce<\/a>\n    \t<\/div>\n      <\/div>\n<\/div>\n\n<\/div>\n<!-- end Post Blocks -->\t\t\t\t<\/div>\n\t\t\t\t<\/div>\n\t\t\t\t<div class=\"elementor-element elementor-element-2d8c1235 elementor-align-center elementor-widget elementor-widget-button\" data-id=\"2d8c1235\" data-element_type=\"widget\" data-widget_type=\"button.default\">\n\t\t\t\t<div class=\"elementor-widget-container\">\n\t\t\t\t\t\t\t\t\t<div class=\"elementor-button-wrapper\">\n\t\t\t\t\t<a class=\"elementor-button elementor-button-link elementor-size-sm\" href=\"https:\/\/ekowatt.cz\/index.php\/reference\/\">\n\t\t\t\t\t\t<span class=\"elementor-button-content-wrapper\">\n\t\t\t\t\t\t\t\t\t<span class=\"elementor-button-text\">V\u0161ech\u00adny reference<\/span>\n\t\t\t\t\t<\/span>\n\t\t\t\t\t<\/a>\n\t\t\t\t<\/div>\n\t\t\t\t\t\t\t\t<\/div>\n\t\t\t\t<\/div>\n\t\t\t\t\t<\/div>\n\t\t\t\t<\/div>\n\t\t<div class=\"elementor-element elementor-element-1d7c8079 e-flex e-con-boxed e-con e-parent\" data-id=\"1d7c8079\" data-element_type=\"container\" data-settings=\"{&quot;background_background&quot;:&quot;classic&quot;}\">\n\t\t\t\t\t<div class=\"e-con-inner\">\n\t\t\t\t<div class=\"elementor-element elementor-element-737cffdd elementor-widget elementor-widget-heading\" data-id=\"737cffdd\" data-element_type=\"widget\" data-widget_type=\"heading.default\">\n\t\t\t\t<div class=\"elementor-widget-container\">\n\t\t\t\t\t<h2 class=\"elementor-heading-title elementor-size-default\">M\u00e1te z\u00e1jem o&nbsp;na\u0161e slu\u017eby?<\/h2>\t\t\t\t<\/div>\n\t\t\t\t<\/div>\n\t\t\t\t<div class=\"elementor-element elementor-element-28f6a60f elementor-widget elementor-widget-text-editor\" data-id=\"28f6a60f\" data-element_type=\"widget\" data-widget_type=\"text-editor.default\">\n\t\t\t\t<div class=\"elementor-widget-container\">\n\t\t\t\t\t\t\t\t\t<p>Napi\u0161te n\u00e1m nebo zav\u00adole\u00adjte, r\u00e1di v\u00e1m pom\u016f\u017eeme.<\/p>\t\t\t\t\t\t\t\t<\/div>\n\t\t\t\t<\/div>\n\t\t\t\t<div class=\"elementor-element elementor-element-41b56caf elementor-align-center elementor-widget elementor-widget-button\" data-id=\"41b56caf\" data-element_type=\"widget\" data-widget_type=\"button.default\">\n\t\t\t\t<div class=\"elementor-widget-container\">\n\t\t\t\t\t\t\t\t\t<div class=\"elementor-button-wrapper\">\n\t\t\t\t\t<a class=\"elementor-button elementor-button-link elementor-size-sm\" href=\"https:\/\/ekowatt.cz\/index.php\/kontakt\/\">\n\t\t\t\t\t\t<span class=\"elementor-button-content-wrapper\">\n\t\t\t\t\t\t\t\t\t<span class=\"elementor-button-text\">Kon\u00adtakt<\/span>\n\t\t\t\t\t<\/span>\n\t\t\t\t\t<\/a>\n\t\t\t\t<\/div>\n\t\t\t\t\t\t\t\t<\/div>\n\t\t\t\t<\/div>\n\t\t\t\t\t<\/div>\n\t\t\t\t<\/div>\n\t\t\t\t<\/div>\n\t\t","protected":false},"excerpt":{"rendered":"<p>Pr\u016fkazy ener\u00adget\u00adick\u00e9 n\u00e1ro\u010dnos\u00adti budov (PENB) Jsou n\u00e1stro\u00adje ur\u010den\u00e9 k&nbsp;ochran\u011b spot\u0159ebitele a&nbsp;slou\u017e\u00ed k&nbsp;jednoduch\u00e9\u00admu a&nbsp;srozu\u00admitel\u00adn\u00e9\u00admu zhod\u00adno\u00adcen\u00ed ener\u00adget\u00adick\u00e9 n\u00e1ro\u010dnos\u00adti budovy. Od roku 2009 jsou povin\u00adn\u00e9 pro v\u0161ech\u00adny novostav\u00adby a&nbsp;pro rekon\u00adstrukce v\u011bt\u0161\u00edch budov. Od dub\u00adna 2013 jsou povin\u00adnou p\u0159\u00edlo\u00adhou smlou\u00advy p\u0159i prode\u00adji a&nbsp;pron\u00e1j\u00admu budovy. V\u00edce na&nbsp;www.prukazybudov.cz. V\u0161ech\u00adny slu\u017e\u00adby Na\u0161e pr\u00e1ce Tan\u010d\u00edc\u00ed d\u016fm Tan\u010d\u00edc\u00ed d\u016fm neboli Gin\u00adger and Fred (p\u016fvod\u00adn\u00edm [\u2026]<\/p>\n","protected":false},"author":1,"featured_media":0,"parent":0,"menu_order":0,"comment_status":"closed","ping_status":"closed","template":"","meta":{"wp_typography_post_enhancements_disabled":false,"site-sidebar-layout":"no-sidebar","site-content-layout":"","ast-site-content-layout":"full-width-container","site-content-style":"default","site-sidebar-style":"default","ast-global-header-display":"","ast-banner-title-visibility":"","ast-main-header-display":"","ast-hfb-above-header-display":"","ast-hfb-below-header-display":"","ast-hfb-mobile-header-display":"","site-post-title":"disabled","ast-breadcrumbs-content":"","ast-featured-img":"disabled","footer-sml-layout":"","ast-disable-related-posts":"","theme-transparent-header-meta":"","adv-header-id-meta":"","stick-header-meta":"","header-above-stick-meta":"","header-main-stick-meta":"","header-below-stick-meta":"","astra-migrate-meta-layouts":"default","ast-page-background-enabled":"default","ast-page-background-meta":{"desktop":{"background-color":"var(--ast-global-color-4)","background-image":"","background-repeat":"repeat","background-position":"center center","background-size":"auto","background-attachment":"scroll","background-type":"","background-media":"","overlay-type":"","overlay-color":"","overlay-opacity":"","overlay-gradient":""},"tablet":{"background-color":"","background-image":"","background-repeat":"repeat","background-position":"center center","background-size":"auto","background-attachment":"scroll","background-type":"","background-media":"","overlay-type":"","overlay-color":"","overlay-opacity":"","overlay-gradient":""},"mobile":{"background-color":"","background-image":"","background-repeat":"repeat","background-position":"center center","background-size":"auto","background-attachment":"scroll","background-type":"","background-media":"","overlay-type":"","overlay-color":"","overlay-opacity":"","overlay-gradient":""}},"ast-content-background-meta":{"desktop":{"background-color":"var(--ast-global-color-5)","background-image":"","background-repeat":"repeat","background-position":"center center","background-size":"auto","background-attachment":"scroll","background-type":"","background-media":"","overlay-type":"","overlay-color":"","overlay-opacity":"","overlay-gradient":""},"tablet":{"background-color":"var(--ast-global-color-5)","background-image":"","background-repeat":"repeat","background-position":"center center","background-size":"auto","background-attachment":"scroll","background-type":"","background-media":"","overlay-type":"","overlay-color":"","overlay-opacity":"","overlay-gradient":""},"mobile":{"background-color":"var(--ast-global-color-5)","background-image":"","background-repeat":"repeat","background-position":"center center","background-size":"auto","background-attachment":"scroll","background-type":"","background-media":"","overlay-type":"","overlay-color":"","overlay-opacity":"","overlay-gradient":""}},"footnotes":""},"class_list":["post-626","page","type-page","status-publish","hentry"],"_links":{"self":[{"href":"https:\/\/ekowatt.cz\/index.php\/wp-json\/wp\/v2\/pages\/626","targetHints":{"allow":["GET"]}}],"collection":[{"href":"https:\/\/ekowatt.cz\/index.php\/wp-json\/wp\/v2\/pages"}],"about":[{"href":"https:\/\/ekowatt.cz\/index.php\/wp-json\/wp\/v2\/types\/page"}],"author":[{"embeddable":true,"href":"https:\/\/ekowatt.cz\/index.php\/wp-json\/wp\/v2\/users\/1"}],"replies":[{"embeddable":true,"href":"https:\/\/ekowatt.cz\/index.php\/wp-json\/wp\/v2\/comments?post=626"}],"version-history":[{"count":43,"href":"https:\/\/ekowatt.cz\/index.php\/wp-json\/wp\/v2\/pages\/626\/revisions"}],"predecessor-version":[{"id":2779,"href":"https:\/\/ekowatt.cz\/index.php\/wp-json\/wp\/v2\/pages\/626\/revisions\/2779"}],"wp:attachment":[{"href":"https:\/\/ekowatt.cz\/index.php\/wp-json\/wp\/v2\/media?parent=626"}],"curies":[{"name":"wp","href":"https:\/\/api.w.org\/{rel}","templated":true}]}}